{"id":49,"date":"2018-01-19T12:04:12","date_gmt":"2018-01-19T11:04:12","guid":{"rendered":"http:\/\/restaurant-lechoucas.fr\/?page_id=49"},"modified":"2021-06-14T23:01:49","modified_gmt":"2021-06-14T21:01:49","slug":"a-propos-de","status":"publish","type":"page","link":"http:\/\/restaurant-lechoucas.fr\/?page_id=49","title":{"rendered":"Contact"},"content":{"rendered":"<p>[vc_row][vc_column][rev_slider_vc alias=&#8221;after&#8221;][\/vc_column][\/vc_row][vc_row][vc_column][vc_column_text]<\/p>\n<p style=\"text-align: center;\">Soucieux d&#8217;apporter le meilleur service \u00e0 nos clients, nous sommes toujours pr\u00eats \u00e0 vous rencontrer et entendre vos suggestions.<\/p>\n<p style=\"text-align: center;\">N&#8217;h\u00e9sitez pas \u00e0 venir discuter avec nous au Choucas !<br \/>\nNous pouvons occasionnellement organiser des petits-d\u00e9jeuners!<\/p>\n<p style=\"text-align: center;\">A tr\u00e8s vite !<\/p>\n<p>[\/vc_column_text][\/vc_column][\/vc_row][vc_row][vc_column width=&#8221;1\/2&#8243;]\n\t<div class=\"contact-info-box wpb_content_element\">\n\t\t<h3>Contactez-nous ! <\/h3>\n\t\t<div class=\"contact-info-item\">\n\t\t\t<div class=\"contact-text\"><span>Adresse<\/span><\/div>\n\t\t\t<div class=\"contact-value\">Place des Carmes Dechaux<br \/>\n63000 Clermont-Ferrand<\/div>\n\t\t<\/div>\n\t\t<div class=\"contact-info-item\">\n\t\t\t<div class=\"contact-text\"><span>T\u00e9l\u00e9phone<\/span><\/div>\n\t\t\t<div class=\"contact-value\">04 73 92 35 59\/06 12 34 76 87<\/div>\n\t\t<\/div>\n\t\t<div class=\"contact-info-item\">\n\t\t\t<div class=\"contact-text\"><span>Email<\/span><\/div>\n\t\t\t<div class=\"contact-value\">lechoucasclermont@gmail.com<\/div>\n\t\t<\/div>\n\t\t<div class=\"contact-info-item\">\n\t\t\t<div class=\"contact-text\"><span>Ouverture<\/span><\/div>\n\t\t\t<div class=\"contact-value\">Du Lundi au Vendredi<\/div>\n\t\t<\/div>\n\t\t<div class=\"contact-info-item\">\n\t\t\t<div class=\"contact-text\"><span>horaires<\/span><\/div>\n\t\t\t<div class=\"contact-value\">De 7h \u00e0 15h30<\/div>\n\t\t<\/div>\n\t<\/div>[\/vc_column][vc_column width=&#8221;1\/2&#8243;][\/vc_column][\/vc_row][vc_row][vc_column][vc_text_separator title=&#8221;NOTRE PROTOCOLE POST COVID 19 &#8221; i_icon_fontawesome=&#8221;fa fa-certificate&#8221; i_color=&#8221;green&#8221; add_icon=&#8221;true&#8221;][vc_column_text]<\/p>\n<p style=\"text-align: center;\">Votre s\u00e9curit\u00e9 et celles de nos employ\u00e9s \u00e9tant notre priorit\u00e9, vous pouvez consulter notre Protocole de d\u00e9confinement.<\/p>\n<p style=\"text-align: center;\">Nous restons \u00e0 votre disposition pour tous renseignements compl\u00e9mentaires si besoin.<\/p>\n<p style=\"text-align: center;\"><a href=\"http:\/\/restaurant-lechoucas.fr\/wp-content\/uploads\/2020\/06\/CHOUCAS-PROTOCOLE-V2.pdf\">CHOUCAS PROTOCOLE<\/a><\/p>\n<p>[\/vc_column_text][\/vc_column][\/vc_row][vc_row][vc_column][\/vc_column][\/vc_row]<\/p>\n","protected":false},"excerpt":{"rendered":"<p>[vc_row][vc_column][rev_slider_vc alias=&#8221;after&#8221;][\/vc_column][\/vc_row][vc_row][vc_column][vc_column_text] Soucieux d&#8217;apporter le meilleur service \u00e0 nos clients, nous sommes toujours pr\u00eats \u00e0 vous rencontrer et entendre vos suggestions. N&#8217;h\u00e9sitez pas \u00e0 venir discuter avec nous au Choucas ! Nous pouvons occasionnellement organiser des petits-d\u00e9jeuners! A tr\u00e8s vite ! [\/vc_column_text][\/vc_column][\/vc_row][vc_row][vc_column width=&#8221;1\/2&#8243;][\/vc_column][vc_column width=&#8221;1\/2&#8243;][\/vc_column][\/vc_row][vc_row][vc_column][vc_text_separator title=&#8221;NOTRE PROTOCOLE POST COVID 19 &#8221; i_icon_fontawesome=&#8221;fa fa-certificate&#8221; i_color=&#8221;green&#8221; add_icon=&#8221;true&#8221;][vc_column_text] Votre [&hellip;]<\/p>\n","protected":false},"author":1,"featured_media":120,"parent":0,"menu_order":0,"comment_status":"closed","ping_status":"closed","template":"template-fullwidth.php","meta":[],"jetpack-related-posts":[{"id":15882,"url":"http:\/\/restaurant-lechoucas.fr\/?page_id=15882","url_meta":{"origin":49,"position":0},"title":"Conditions g\u00e9n\u00e9rales de vente","date":"14 juin 2021","format":false,"excerpt":"Les pr\u00e9sentes Conditions G\u00e9n\u00e9rales de Vente d\u00e9crivent le service de commande en ligne de la gamme de produits disponibles dans le restaurant Le Choucas, SAS immatricul\u00e9e \u00e0 la Chambre du Commerce de Clermont-Ferrand sous le num\u00e9ro 488 374 711 au capital de 110 000 euros dont le si\u00e8ge social est\u2026","rel":"","context":"Article similaire","img":{"alt_text":"","src":"","width":0,"height":0},"classes":[]},{"id":15876,"url":"http:\/\/restaurant-lechoucas.fr\/?page_id=15876","url_meta":{"origin":49,"position":1},"title":"Mentions l\u00e9gales","date":"14 juin 2021","format":false,"excerpt":"Conform\u00e9ment aux dispositions de la loi pour la confiance dans l\u2019\u00e9conomie num\u00e9rique du 21 Juin 2004, nous vous informons que : Le site internet Restaurant-lechoucas.fr, ci-apr\u00e8s d\u00e9nomm\u00e9 \u00ab le site \u00bb consultable \u00e0 l\u2019adresse http:\/\/www.restaurant-lechoucas.fr est la propri\u00e9t\u00e9 de la soci\u00e9t\u00e9 Le Choucas, immatricul\u00e9e \u00e0 la Chambre du Commerce de\u2026","rel":"","context":"Article similaire","img":{"alt_text":"","src":"","width":0,"height":0},"classes":[]},{"id":2,"url":"http:\/\/restaurant-lechoucas.fr\/?page_id=2","url_meta":{"origin":49,"position":2},"title":"Page d\u2019exemple","date":"18 janvier 2018","format":false,"excerpt":"Voici un exemple de page. Elle est diff\u00e9rente d\u2019un article de blog, en cela qu\u2019elle restera \u00e0 la m\u00eame place, et s\u2019affichera dans le menu de navigation de votre site (en fonction de votre th\u00e8me). La plupart des gens commencent par \u00e9crire une page \u00ab\u00a0\u00c0 Propos\u00a0\u00bb qui les pr\u00e9sente aux\u2026","rel":"","context":"Article similaire","img":{"alt_text":"","src":"","width":0,"height":0},"classes":[]},{"id":48,"url":"http:\/\/restaurant-lechoucas.fr\/","url_meta":{"origin":49,"position":3},"title":"Accueil","date":"19 janvier 2018","format":false,"excerpt":"[vc_row row_type=\"row_fullwidth_content\" bg_position=\"center top\"][vc_column][rev_slider_vc alias=\"page-accueil-precommande-indications\"][\/vc_column][\/vc_row][vc_row][vc_column width=\"1\/2\"][vc_single_image image=\"588\" img_size=\"300x250\" alignment=\"center\"][vc_column_text] NOTRE EQUIPE Sourire, disponibilit\u00e9 et s\u00e9rieux sont les ma\u00eetres mots de notre \u00e9quipe ! Pr\u00e9sents d\u00e8s 7h du matin, nous restons toujours \u00e0 votre service ! [\/vc_column_text][vc_btn title=\"DECOUVREZ NOTRE EQUIPE!\" color=\"success\" align=\"center\" i_icon_fontawesome=\"fa fa-handshake-o\" add_icon=\"true\" link=\"url:http%3A%2F%2Frestaurant-lechoucas.fr%2F%3Fpage_id%3D50|||\"][\/vc_column][vc_column width=\"1\/2\"][vc_single_image image=\"587\" img_size=\"300x250\" alignment=\"center\"][vc_column_text] DU\u2026","rel":"","context":"Article similaire","img":{"alt_text":"","src":"","width":0,"height":0},"classes":[]},{"id":50,"url":"http:\/\/restaurant-lechoucas.fr\/?page_id=50","url_meta":{"origin":49,"position":4},"title":"L&#8217;\u00e9quipe","date":"19 janvier 2018","format":false,"excerpt":"[vc_row][vc_column][rev_slider_vc alias=\"team\"][\/vc_column][\/vc_row][vc_row][vc_column width=\"1\/2\"][vc_text_separator title=\"Des Produits de qualit\u00e9\" i_icon_fontawesome=\"fa fa-check\" i_color=\"custom\" add_icon=\"true\" i_custom_color=\"#338c16\"][vc_column_text] Nos plats \u00e9labor\u00e9s \u00e0 base de produits de saison et de qualit\u00e9 tout au long de l'ann\u00e9e ! [\/vc_column_text][\/vc_column][vc_column width=\"1\/2\"][vc_text_separator title=\"Du Fait Maison\" i_icon_fontawesome=\"fa fa-home\" i_color=\"custom\" add_icon=\"true\" i_custom_color=\"#338c16\"][vc_column_text] Nos pr\u00e9parations sont faites le matin-m\u00eame au sein du Choucas\u2026","rel":"","context":"Article similaire","img":{"alt_text":"","src":"https:\/\/i0.wp.com\/restaurant-lechoucas.fr\/wp-content\/uploads\/2018\/01\/jambon.jpg?resize=350%2C200","width":350,"height":200},"classes":[]},{"id":315,"url":"http:\/\/restaurant-lechoucas.fr\/?page_id=315","url_meta":{"origin":49,"position":5},"title":"Je commande!","date":"9 f\u00e9vrier 2018","format":false,"excerpt":"Le Choucas Cro\u00fbte Restauration rapide \u00e0 l'int\u00e9rieur du Si\u00e8ge Social Michelin Trouvez nous en face de la salle de sport Oxyg\u00e8ne Le site de commande \u00e9volue, rendez-vous sur le lien suivant pour commander dans votre restaurant. https:\/\/commande.restaurant-lechoucas.fr\/","rel":"","context":"Article similaire","img":{"alt_text":"","src":"","width":0,"height":0},"classes":[]}],"_links":{"self":[{"href":"http:\/\/restaurant-lechoucas.fr\/index.php?rest_route=\/wp\/v2\/pages\/49"}],"collection":[{"href":"http:\/\/restaurant-lechoucas.fr\/index.php?rest_route=\/wp\/v2\/pages"}],"about":[{"href":"http:\/\/restaurant-lechoucas.fr\/index.php?rest_route=\/wp\/v2\/types\/page"}],"author":[{"embeddable":true,"href":"http:\/\/restaurant-lechoucas.fr\/index.php?rest_route=\/wp\/v2\/users\/1"}],"replies":[{"embeddable":true,"href":"http:\/\/restaurant-lechoucas.fr\/index.php?rest_route=%2Fwp%2Fv2%2Fcomments&post=49"}],"version-history":[{"count":1,"href":"http:\/\/restaurant-lechoucas.fr\/index.php?rest_route=\/wp\/v2\/pages\/49\/revisions"}],"predecessor-version":[{"id":35608,"href":"http:\/\/restaurant-lechoucas.fr\/index.php?rest_route=\/wp\/v2\/pages\/49\/revisions\/35608"}],"wp:featuredmedia":[{"embeddable":true,"href":"http:\/\/restaurant-lechoucas.fr\/index.php?rest_route=\/wp\/v2\/media\/120"}],"wp:attachment":[{"href":"http:\/\/restaurant-lechoucas.fr\/index.php?rest_route=%2Fwp%2Fv2%2Fmedia&parent=49"}],"curies":[{"name":"wp","href":"https:\/\/api.w.org\/{rel}","templated":true}]}}