{"id":50,"date":"2018-01-19T12:04:12","date_gmt":"2018-01-19T11:04:12","guid":{"rendered":"http:\/\/restaurant-lechoucas.fr\/?page_id=50"},"modified":"2023-03-16T19:44:19","modified_gmt":"2023-03-16T18:44:19","slug":"contact","status":"publish","type":"page","link":"https:\/\/restaurant-lechoucas.fr\/?page_id=50","title":{"rendered":"L&#8217;\u00e9quipe"},"content":{"rendered":"<p>[vc_row][vc_column][rev_slider_vc alias=&#8221;team&#8221;][\/vc_column][\/vc_row][vc_row][vc_column width=&#8221;1\/2&#8243;][vc_text_separator title=&#8221;Des Produits de qualit\u00e9&#8221; i_icon_fontawesome=&#8221;fa fa-check&#8221; i_color=&#8221;custom&#8221; add_icon=&#8221;true&#8221; i_custom_color=&#8221;#338c16&#8243;][vc_column_text]<\/p>\n<p style=\"text-align: center;\">Nos plats \u00e9labor\u00e9s \u00e0 base de produits de saison et de qualit\u00e9 tout au long de l&#8217;ann\u00e9e !<\/p>\n<p>[\/vc_column_text][\/vc_column][vc_column width=&#8221;1\/2&#8243;][vc_text_separator title=&#8221;Du Fait Maison&#8221; i_icon_fontawesome=&#8221;fa fa-home&#8221; i_color=&#8221;custom&#8221; add_icon=&#8221;true&#8221; i_custom_color=&#8221;#338c16&#8243;][vc_column_text]<\/p>\n<p style=\"text-align: center;\">Nos pr\u00e9parations sont faites le matin-m\u00eame au sein du Choucas !<\/p>\n<p>[\/vc_column_text][\/vc_column][\/vc_row][vc_row][vc_column width=&#8221;1\/2&#8243;][vc_text_separator title=&#8221;La tradition auvergnate&#8221; i_type=&#8221;entypo&#8221; i_icon_entypo=&#8221;entypo-icon entypo-icon-star&#8221; i_color=&#8221;custom&#8221; add_icon=&#8221;true&#8221; i_custom_color=&#8221;#338c16&#8243;][vc_column_text]<\/p>\n<p style=\"text-align: center;\">Nous utilisons des produits r\u00e9gionaux afin de vous concocter certains plats typiques de notre r\u00e9gion pr\u00e9f\u00e9r\u00e9e !<\/p>\n<p>[\/vc_column_text][\/vc_column][vc_column width=&#8221;1\/2&#8243;][vc_text_separator title=&#8221;Le Sourire avant tout&#8221; i_icon_fontawesome=&#8221;fa fa-smile-o&#8221; i_color=&#8221;custom&#8221; add_icon=&#8221;true&#8221; i_custom_color=&#8221;#338c16&#8243;][vc_column_text]<\/p>\n<p style=\"text-align: center;\">Heureux de vous accueillir au Choucas, nous vous recevons toujours avec sourire et bonne humeur ! L&#8217;\u00e9tablissement se veut avant tout chaleureux et familial !<\/p>\n<p>[\/vc_column_text][\/vc_column][\/vc_row][vc_row][vc_column][rev_slider_vc alias=&#8221;equipe&#8221;][\/vc_column][\/vc_row]<\/p>\n","protected":false},"excerpt":{"rendered":"<p>[vc_row][vc_column][rev_slider_vc alias=&#8221;team&#8221;][\/vc_column][\/vc_row][vc_row][vc_column width=&#8221;1\/2&#8243;][vc_text_separator title=&#8221;Des Produits de qualit\u00e9&#8221; i_icon_fontawesome=&#8221;fa fa-check&#8221; i_color=&#8221;custom&#8221; add_icon=&#8221;true&#8221; i_custom_color=&#8221;#338c16&#8243;][vc_column_text] Nos plats \u00e9labor\u00e9s \u00e0 base de produits de saison et de qualit\u00e9 tout au long de l&#8217;ann\u00e9e ! [\/vc_column_text][\/vc_column][vc_column width=&#8221;1\/2&#8243;][vc_text_separator title=&#8221;Du Fait Maison&#8221; i_icon_fontawesome=&#8221;fa fa-home&#8221; i_color=&#8221;custom&#8221; add_icon=&#8221;true&#8221; i_custom_color=&#8221;#338c16&#8243;][vc_column_text] Nos pr\u00e9parations sont faites le matin-m\u00eame au sein du Choucas ! [\/vc_column_text][\/vc_column][\/vc_row][vc_row][vc_column width=&#8221;1\/2&#8243;][vc_text_separator title=&#8221;La tradition [&hellip;]<\/p>\n","protected":false},"author":1,"featured_media":118,"parent":0,"menu_order":0,"comment_status":"closed","ping_status":"closed","template":"template-fullwidth.php","meta":[],"jetpack-related-posts":[{"id":48,"url":"https:\/\/restaurant-lechoucas.fr\/","url_meta":{"origin":50,"position":0},"title":"Accueil","date":"19 janvier 2018","format":false,"excerpt":"[vc_row row_type=\"row_fullwidth_content\" bg_position=\"center top\"][vc_column][rev_slider_vc alias=\"page-accueil-precommande-indications\"][\/vc_column][\/vc_row][vc_row][vc_column width=\"1\/2\"][vc_single_image image=\"588\" img_size=\"300x250\" alignment=\"center\"][vc_column_text] NOTRE EQUIPE Sourire, disponibilit\u00e9 et s\u00e9rieux sont les ma\u00eetres mots de notre \u00e9quipe ! Pr\u00e9sents d\u00e8s 7h du matin, nous restons toujours \u00e0 votre service ! [\/vc_column_text][vc_btn title=\"DECOUVREZ NOTRE EQUIPE!\" color=\"success\" align=\"center\" i_icon_fontawesome=\"fa fa-handshake-o\" add_icon=\"true\" link=\"url:http%3A%2F%2Frestaurant-lechoucas.fr%2F%3Fpage_id%3D50|||\"][\/vc_column][vc_column width=\"1\/2\"][vc_single_image image=\"587\" img_size=\"300x250\" alignment=\"center\"][vc_column_text] DU\u2026","rel":"","context":"Article similaire","img":{"alt_text":"","src":"","width":0,"height":0},"classes":[]},{"id":281,"url":"https:\/\/restaurant-lechoucas.fr\/?page_id=281","url_meta":{"origin":50,"position":1},"title":"Notre Carte","date":"9 f\u00e9vrier 2018","format":false,"excerpt":"[vc_row][vc_column width=\"1\/2\"][vc_column_text] LES TARTES SALEES\u00a0 [\/vc_column_text][\/vc_column][vc_column width=\"1\/2\"][vc_column_text] LES SALADES [\/vc_column_text][\/vc_column][vc_column][\/vc_column][\/vc_row][vc_row][vc_column width=\"1\/2\"][vc_column_text] SANDWICHS [\/vc_column_text][\/vc_column][vc_column width=\"1\/2\"][vc_column_text] MIAM ! [\/vc_column_text][\/vc_column][\/vc_row][vc_row row_type=\"row_fullwidth_content\"][vc_column][rev_slider_vc alias=\"diapo\"][\/vc_column][\/vc_row][vc_row][vc_column width=\"1\/2\"][vc_column_text] LES TARTES SUCREES [\/vc_column_text][\/vc_column][vc_column width=\"1\/2\"][vc_column_text] AUTRES DESSERTS [\/vc_column_text][vc_empty_space height=\"80px\"][\/vc_column][\/vc_row][vc_row][vc_column][rev_slider_vc alias=\"fruits\"][\/vc_column][\/vc_row][vc_row][vc_column width=\"1\/2\"][vc_column_text] BOISSONS [\/vc_column_text][\/vc_column][vc_column width=\"1\/2\"][\/vc_column][\/vc_row][vc_row][vc_column][vc_column_text] NOTRE CARTE VARIE EN FONCTION DES FRUITS ET DES LEGUMES DE SAISON. [\/vc_column_text][\/vc_column][\/vc_row][vc_row][vc_column][vc_btn title=\"Je pr\u00e9commande !\u2026","rel":"","context":"Article similaire","img":{"alt_text":"","src":"","width":0,"height":0},"classes":[]},{"id":2,"url":"https:\/\/restaurant-lechoucas.fr\/?page_id=2","url_meta":{"origin":50,"position":2},"title":"Page d\u2019exemple","date":"18 janvier 2018","format":false,"excerpt":"Voici un exemple de page. Elle est diff\u00e9rente d\u2019un article de blog, en cela qu\u2019elle restera \u00e0 la m\u00eame place, et s\u2019affichera dans le menu de navigation de votre site (en fonction de votre th\u00e8me). La plupart des gens commencent par \u00e9crire une page \u00ab\u00a0\u00c0 Propos\u00a0\u00bb qui les pr\u00e9sente aux\u2026","rel":"","context":"Article similaire","img":{"alt_text":"","src":"","width":0,"height":0},"classes":[]},{"id":15882,"url":"https:\/\/restaurant-lechoucas.fr\/?page_id=15882","url_meta":{"origin":50,"position":3},"title":"Conditions g\u00e9n\u00e9rales de vente","date":"14 juin 2021","format":false,"excerpt":"Les pr\u00e9sentes Conditions G\u00e9n\u00e9rales de Vente d\u00e9crivent le service de commande en ligne de la gamme de produits disponibles dans le restaurant Le Choucas, SAS immatricul\u00e9e \u00e0 la Chambre du Commerce de Clermont-Ferrand sous le num\u00e9ro 488 374 711 au capital de 110 000 euros dont le si\u00e8ge social est\u2026","rel":"","context":"Article similaire","img":{"alt_text":"","src":"","width":0,"height":0},"classes":[]}],"_links":{"self":[{"href":"https:\/\/restaurant-lechoucas.fr\/index.php?rest_route=\/wp\/v2\/pages\/50"}],"collection":[{"href":"https:\/\/restaurant-lechoucas.fr\/index.php?rest_route=\/wp\/v2\/pages"}],"about":[{"href":"https:\/\/restaurant-lechoucas.fr\/index.php?rest_route=\/wp\/v2\/types\/page"}],"author":[{"embeddable":true,"href":"https:\/\/restaurant-lechoucas.fr\/index.php?rest_route=\/wp\/v2\/users\/1"}],"replies":[{"embeddable":true,"href":"https:\/\/restaurant-lechoucas.fr\/index.php?rest_route=%2Fwp%2Fv2%2Fcomments&post=50"}],"version-history":[{"count":1,"href":"https:\/\/restaurant-lechoucas.fr\/index.php?rest_route=\/wp\/v2\/pages\/50\/revisions"}],"predecessor-version":[{"id":33430,"href":"https:\/\/restaurant-lechoucas.fr\/index.php?rest_route=\/wp\/v2\/pages\/50\/revisions\/33430"}],"wp:featuredmedia":[{"embeddable":true,"href":"https:\/\/restaurant-lechoucas.fr\/index.php?rest_route=\/wp\/v2\/media\/118"}],"wp:attachment":[{"href":"https:\/\/restaurant-lechoucas.fr\/index.php?rest_route=%2Fwp%2Fv2%2Fmedia&parent=50"}],"curies":[{"name":"wp","href":"https:\/\/api.w.org\/{rel}","templated":true}]}}